{"id":5763,"date":"2022-02-16T09:52:31","date_gmt":"2022-02-16T14:52:31","guid":{"rendered":"https:\/\/www.elcenaculo.ec\/?page_id=5763"},"modified":"2025-05-14T14:32:33","modified_gmt":"2025-05-14T19:32:33","slug":"requisitos-2","status":"publish","type":"page","link":"https:\/\/www.elcenaculo.ec\/?page_id=5763","title":{"rendered":"Requisitos"},"content":{"rendered":"\t\t<div data-elementor-type=\"wp-page\" data-elementor-id=\"5763\" class=\"elementor elementor-5763\" data-elementor-settings=\"[]\">\n\t\t\t\t\t\t\t<div class=\"elementor-section-wrap\">\n\t\t\t\t\t\t\t<section class=\"elementor-section elementor-top-section elementor-element elementor-element-298074f elementor-section-boxed elementor-section-height-default elementor-section-height-default\" data-id=\"298074f\" data-element_type=\"section\">\n\t\t\t\t\t\t<div class=\"elementor-container elementor-column-gap-default\">\n\t\t\t\t\t<div class=\"elementor-column elementor-col-100 elementor-top-column elementor-element elementor-element-d57363c\" data-id=\"d57363c\" data-element_type=\"column\">\n\t\t\t<div class=\"elementor-widget-wrap elementor-element-populated\">\n\t\t\t\t\t\t\t\t<div class=\"elementor-element elementor-element-f7c6943 elementor-widget elementor-widget-heading\" data-id=\"f7c6943\" data-element_type=\"widget\" data-widget_type=\"heading.default\">\n\t\t\t\t<div class=\"elementor-widget-container\">\n\t\t\t<style>\/*! elementor - v3.5.5 - 03-02-2022 *\/\n.elementor-heading-title{padding:0;margin:0;line-height:1}.elementor-widget-heading .elementor-heading-title[class*=elementor-size-]>a{color:inherit;font-size:inherit;line-height:inherit}.elementor-widget-heading .elementor-heading-title.elementor-size-small{font-size:15px}.elementor-widget-heading .elementor-heading-title.elementor-size-medium{font-size:19px}.elementor-widget-heading .elementor-heading-title.elementor-size-large{font-size:29px}.elementor-widget-heading .elementor-heading-title.elementor-size-xl{font-size:39px}.elementor-widget-heading .elementor-heading-title.elementor-size-xxl{font-size:59px}<\/style><h2 class=\"elementor-heading-title elementor-size-default\">REQUISITOS<\/h2>\t\t<\/div>\n\t\t\t\t<\/div>\n\t\t\t\t\t<\/div>\n\t\t<\/div>\n\t\t\t\t\t\t\t<\/div>\n\t\t<\/section>\n\t\t\t\t<section class=\"elementor-section elementor-top-section elementor-element elementor-element-2a0b8d1 elementor-section-boxed elementor-section-height-default elementor-section-height-default\" data-id=\"2a0b8d1\" data-element_type=\"section\">\n\t\t\t\t\t\t<div class=\"elementor-container elementor-column-gap-default\">\n\t\t\t\t\t<div class=\"elementor-column elementor-col-33 elementor-top-column elementor-element elementor-element-5e21ce4\" data-id=\"5e21ce4\" data-element_type=\"column\">\n\t\t\t<div class=\"elementor-widget-wrap elementor-element-populated\">\n\t\t\t\t\t\t\t\t<div class=\"elementor-element elementor-element-cba3cfe elementor-widget elementor-widget-image\" data-id=\"cba3cfe\" data-element_type=\"widget\" data-widget_type=\"image.default\">\n\t\t\t\t<div class=\"elementor-widget-container\">\n\t\t\t<style>\/*! elementor - v3.5.5 - 03-02-2022 *\/\n.elementor-widget-image{text-align:center}.elementor-widget-image a{display:inline-block}.elementor-widget-image a img[src$=\".svg\"]{width:48px}.elementor-widget-image img{vertical-align:middle;display:inline-block}<\/style>\t\t\t\t\t\t\t\t\t<figure class=\"wp-caption\">\n\t\t\t\t\t\t\t\t\t\t\t<a href=\"https:\/\/www.elcenaculo.ec\/wp-content\/uploads\/2025\/05\/JUSTIFICACION-DE-FALTAS-2025-1.pdf\" target=\"_blank\">\n\t\t\t\t\t\t\t<img loading=\"lazy\" decoding=\"async\" width=\"150\" height=\"150\" src=\"https:\/\/www.elcenaculo.ec\/wp-content\/uploads\/2022\/02\/WhatsApp-Image-2022-02-22-at-7.09.00-AM-1-150x150.jpeg\" class=\"attachment-thumbnail size-thumbnail\" alt=\"\" srcset=\"https:\/\/www.elcenaculo.ec\/wp-content\/uploads\/2022\/02\/WhatsApp-Image-2022-02-22-at-7.09.00-AM-1-150x150.jpeg 150w, https:\/\/www.elcenaculo.ec\/wp-content\/uploads\/2022\/02\/WhatsApp-Image-2022-02-22-at-7.09.00-AM-1-300x300.jpeg 300w, https:\/\/www.elcenaculo.ec\/wp-content\/uploads\/2022\/02\/WhatsApp-Image-2022-02-22-at-7.09.00-AM-1-100x100.jpeg 100w\" sizes=\"auto, (max-width: 150px) 100vw, 150px\" \/>\t\t\t\t\t\t\t\t<\/a>\n\t\t\t\t\t\t\t\t\t\t\t<figcaption class=\"widget-image-caption wp-caption-text\">JUSTIFICACI\u00d3N DE FALTAS<\/figcaption>\n\t\t\t\t\t\t\t\t\t\t<\/figure>\n\t\t\t\t\t\t\t\t\t<\/div>\n\t\t\t\t<\/div>\n\t\t\t\t\t<\/div>\n\t\t<\/div>\n\t\t\t\t<div class=\"elementor-column elementor-col-33 elementor-top-column elementor-element elementor-element-66851d9\" data-id=\"66851d9\" data-element_type=\"column\">\n\t\t\t<div class=\"elementor-widget-wrap elementor-element-populated\">\n\t\t\t\t\t\t\t\t<div class=\"elementor-element elementor-element-2cbdadf elementor-widget elementor-widget-image\" data-id=\"2cbdadf\" data-element_type=\"widget\" data-widget_type=\"image.default\">\n\t\t\t\t<div class=\"elementor-widget-container\">\n\t\t\t\t\t\t\t\t\t\t\t\t\t\t\t<img decoding=\"async\" src=\"https:\/\/www.elcenaculo.ec\/wp-content\/uploads\/2025\/05\/JUSTIFICACION-DE-FALTAS-2025-1.pdf\" title=\"\" alt=\"\" \/>\t\t\t\t\t\t\t\t\t\t\t\t\t\t\t<\/div>\n\t\t\t\t<\/div>\n\t\t\t\t\t<\/div>\n\t\t<\/div>\n\t\t\t\t<div class=\"elementor-column elementor-col-33 elementor-top-column elementor-element elementor-element-b19c804\" data-id=\"b19c804\" data-element_type=\"column\">\n\t\t\t<div class=\"elementor-widget-wrap elementor-element-populated\">\n\t\t\t\t\t\t\t\t<div class=\"elementor-element elementor-element-09da6a9 elementor-widget elementor-widget-image\" data-id=\"09da6a9\" data-element_type=\"widget\" data-widget_type=\"image.default\">\n\t\t\t\t<div class=\"elementor-widget-container\">\n\t\t\t\t\t\t\t\t\t\t\t\t<figure class=\"wp-caption\">\n\t\t\t\t\t\t\t\t\t\t\t<a href=\"https:\/\/www.elcenaculo.ec\/wp-content\/uploads\/2023\/06\/Datos-FCT.pdf\" target=\"_blank\">\n\t\t\t\t\t\t\t<img loading=\"lazy\" decoding=\"async\" width=\"479\" height=\"343\" src=\"https:\/\/www.elcenaculo.ec\/wp-content\/uploads\/2022\/07\/fct.jpg\" class=\"attachment-medium_large size-medium_large\" alt=\"\" srcset=\"https:\/\/www.elcenaculo.ec\/wp-content\/uploads\/2022\/07\/fct.jpg 479w, https:\/\/www.elcenaculo.ec\/wp-content\/uploads\/2022\/07\/fct-300x215.jpg 300w\" sizes=\"auto, (max-width: 479px) 100vw, 479px\" \/>\t\t\t\t\t\t\t\t<\/a>\n\t\t\t\t\t\t\t\t\t\t\t<figcaption class=\"widget-image-caption wp-caption-text\">FORMACI\u00d3N EN CENTROS DE TRABAJO<\/figcaption>\n\t\t\t\t\t\t\t\t\t\t<\/figure>\n\t\t\t\t\t\t\t\t\t<\/div>\n\t\t\t\t<\/div>\n\t\t\t\t\t<\/div>\n\t\t<\/div>\n\t\t\t\t\t\t\t<\/div>\n\t\t<\/section>\n\t\t\t\t<section class=\"elementor-section elementor-top-section elementor-element elementor-element-6fc41d9 elementor-section-boxed elementor-section-height-default elementor-section-height-default\" data-id=\"6fc41d9\" data-element_type=\"section\">\n\t\t\t\t\t\t<div class=\"elementor-container elementor-column-gap-default\">\n\t\t\t\t\t<div class=\"elementor-column elementor-col-33 elementor-top-column elementor-element elementor-element-522dcc0\" data-id=\"522dcc0\" data-element_type=\"column\">\n\t\t\t<div class=\"elementor-widget-wrap\">\n\t\t\t\t\t\t\t\t\t<\/div>\n\t\t<\/div>\n\t\t\t\t<div class=\"elementor-column elementor-col-33 elementor-top-column elementor-element elementor-element-7c2c01f\" data-id=\"7c2c01f\" data-element_type=\"column\">\n\t\t\t<div class=\"elementor-widget-wrap\">\n\t\t\t\t\t\t\t\t\t<\/div>\n\t\t<\/div>\n\t\t\t\t<div class=\"elementor-column elementor-col-33 elementor-top-column elementor-element elementor-element-f9766e0\" data-id=\"f9766e0\" data-element_type=\"column\">\n\t\t\t<div class=\"elementor-widget-wrap\">\n\t\t\t\t\t\t\t\t\t<\/div>\n\t\t<\/div>\n\t\t\t\t\t\t\t<\/div>\n\t\t<\/section>\n\t\t\t\t<section class=\"elementor-section elementor-top-section elementor-element elementor-element-9fb0f9b elementor-section-boxed elementor-section-height-default elementor-section-height-default\" data-id=\"9fb0f9b\" data-element_type=\"section\">\n\t\t\t\t\t\t<div class=\"elementor-container elementor-column-gap-default\">\n\t\t\t\t\t<div class=\"elementor-column elementor-col-33 elementor-top-column elementor-element elementor-element-f8be3ea\" data-id=\"f8be3ea\" data-element_type=\"column\">\n\t\t\t<div class=\"elementor-widget-wrap elementor-element-populated\">\n\t\t\t\t\t\t\t\t<div class=\"elementor-element elementor-element-32272db elementor-widget elementor-widget-image\" data-id=\"32272db\" data-element_type=\"widget\" data-widget_type=\"image.default\">\n\t\t\t\t<div class=\"elementor-widget-container\">\n\t\t\t\t\t\t\t\t\t\t\t\t<figure class=\"wp-caption\">\n\t\t\t\t\t\t\t\t\t\t\t<a href=\"https:\/\/www.elcenaculo.ec\/wp-content\/uploads\/2025\/01\/formulario-DE-MATRICULA-2.pdf\" target=\"_blank\">\n\t\t\t\t\t\t\t<img loading=\"lazy\" decoding=\"async\" width=\"140\" height=\"140\" src=\"https:\/\/www.elcenaculo.ec\/wp-content\/uploads\/2022\/02\/4.png\" class=\"attachment-full size-full\" alt=\"\" srcset=\"https:\/\/www.elcenaculo.ec\/wp-content\/uploads\/2022\/02\/4.png 140w, https:\/\/www.elcenaculo.ec\/wp-content\/uploads\/2022\/02\/4-100x100.png 100w\" sizes=\"auto, (max-width: 140px) 100vw, 140px\" \/>\t\t\t\t\t\t\t\t<\/a>\n\t\t\t\t\t\t\t\t\t\t\t<figcaption class=\"widget-image-caption wp-caption-text\">FORMULARIO DE MATRICULACI\u00d3N<\/figcaption>\n\t\t\t\t\t\t\t\t\t\t<\/figure>\n\t\t\t\t\t\t\t\t\t<\/div>\n\t\t\t\t<\/div>\n\t\t\t\t\t<\/div>\n\t\t<\/div>\n\t\t\t\t<div class=\"elementor-column elementor-col-33 elementor-top-column elementor-element elementor-element-75492e2\" data-id=\"75492e2\" data-element_type=\"column\">\n\t\t\t<div class=\"elementor-widget-wrap elementor-element-populated\">\n\t\t\t\t\t\t\t\t<div class=\"elementor-element elementor-element-943cb60 elementor-widget elementor-widget-image\" data-id=\"943cb60\" data-element_type=\"widget\" data-widget_type=\"image.default\">\n\t\t\t\t<div class=\"elementor-widget-container\">\n\t\t\t\t\t\t\t\t\t\t\t\t<figure class=\"wp-caption\">\n\t\t\t\t\t\t\t\t\t\t\t<a href=\"https:\/\/www.elcenaculo.ec\/wp-content\/uploads\/2025\/01\/EDITADO-REQUISITOS-2025-2026.pdf\" target=\"_blank\">\n\t\t\t\t\t\t\t<img loading=\"lazy\" decoding=\"async\" width=\"632\" height=\"444\" src=\"https:\/\/www.elcenaculo.ec\/wp-content\/uploads\/2022\/02\/WhatsApp-Image-2022-02-22-at-7.09.00-AM.jpeg\" class=\"attachment-large size-large\" alt=\"\" srcset=\"https:\/\/www.elcenaculo.ec\/wp-content\/uploads\/2022\/02\/WhatsApp-Image-2022-02-22-at-7.09.00-AM.jpeg 632w, https:\/\/www.elcenaculo.ec\/wp-content\/uploads\/2022\/02\/WhatsApp-Image-2022-02-22-at-7.09.00-AM-300x211.jpeg 300w, https:\/\/www.elcenaculo.ec\/wp-content\/uploads\/2022\/02\/WhatsApp-Image-2022-02-22-at-7.09.00-AM-600x422.jpeg 600w\" sizes=\"auto, (max-width: 632px) 100vw, 632px\" \/>\t\t\t\t\t\t\t\t<\/a>\n\t\t\t\t\t\t\t\t\t\t\t<figcaption class=\"widget-image-caption wp-caption-text\">REQUISITOS DE  MATRICULACI\u00d3N<\/figcaption>\n\t\t\t\t\t\t\t\t\t\t<\/figure>\n\t\t\t\t\t\t\t\t\t<\/div>\n\t\t\t\t<\/div>\n\t\t\t\t\t<\/div>\n\t\t<\/div>\n\t\t\t\t<div class=\"elementor-column elementor-col-33 elementor-top-column elementor-element elementor-element-0003bf1\" data-id=\"0003bf1\" data-element_type=\"column\">\n\t\t\t<div class=\"elementor-widget-wrap elementor-element-populated\">\n\t\t\t\t\t\t\t\t<div class=\"elementor-element elementor-element-bd6e6ce elementor-widget elementor-widget-image\" data-id=\"bd6e6ce\" data-element_type=\"widget\" data-widget_type=\"image.default\">\n\t\t\t\t<div class=\"elementor-widget-container\">\n\t\t\t\t\t\t\t\t\t\t\t\t<figure class=\"wp-caption\">\n\t\t\t\t\t\t\t\t\t\t\t<a href=\"https:\/\/www.elcenaculo.ec\/wp-content\/uploads\/2022\/09\/Formatos-FCT.pdf\" target=\"_blank\">\n\t\t\t\t\t\t\t<img loading=\"lazy\" decoding=\"async\" width=\"1280\" height=\"685\" src=\"https:\/\/www.elcenaculo.ec\/wp-content\/uploads\/2022\/09\/img1.png\" class=\"attachment-full size-full\" alt=\"\" srcset=\"https:\/\/www.elcenaculo.ec\/wp-content\/uploads\/2022\/09\/img1.png 1280w, https:\/\/www.elcenaculo.ec\/wp-content\/uploads\/2022\/09\/img1-300x161.png 300w, https:\/\/www.elcenaculo.ec\/wp-content\/uploads\/2022\/09\/img1-1024x548.png 1024w, https:\/\/www.elcenaculo.ec\/wp-content\/uploads\/2022\/09\/img1-768x411.png 768w, https:\/\/www.elcenaculo.ec\/wp-content\/uploads\/2022\/09\/img1-600x321.png 600w\" sizes=\"auto, (max-width: 1280px) 100vw, 1280px\" \/>\t\t\t\t\t\t\t\t<\/a>\n\t\t\t\t\t\t\t\t\t\t\t<figcaption class=\"widget-image-caption wp-caption-text\">ENTIDAD RECEPTORA-REQUISITOS<\/figcaption>\n\t\t\t\t\t\t\t\t\t\t<\/figure>\n\t\t\t\t\t\t\t\t\t<\/div>\n\t\t\t\t<\/div>\n\t\t\t\t\t<\/div>\n\t\t<\/div>\n\t\t\t\t\t\t\t<\/div>\n\t\t<\/section>\n\t\t\t\t<section class=\"elementor-section elementor-top-section elementor-element elementor-element-15b13ca elementor-section-boxed elementor-section-height-default elementor-section-height-default\" data-id=\"15b13ca\" data-element_type=\"section\">\n\t\t\t\t\t\t<div class=\"elementor-container elementor-column-gap-default\">\n\t\t\t\t\t<div class=\"elementor-column elementor-col-33 elementor-top-column elementor-element elementor-element-2b65202\" data-id=\"2b65202\" data-element_type=\"column\">\n\t\t\t<div class=\"elementor-widget-wrap elementor-element-populated\">\n\t\t\t\t\t\t\t\t<div class=\"elementor-element elementor-element-1d722de elementor-widget elementor-widget-image\" data-id=\"1d722de\" data-element_type=\"widget\" data-widget_type=\"image.default\">\n\t\t\t\t<div class=\"elementor-widget-container\">\n\t\t\t\t\t\t\t\t\t\t\t\t\t\t\t\t<a href=\"https:\/\/www.elcenaculo.ec\/wp-content\/uploads\/2024\/08\/Mejora-con-refuerzo-1.pdf\" target=\"_blank\">\n\t\t\t\t\t\t\t<img loading=\"lazy\" decoding=\"async\" width=\"940\" height=\"788\" src=\"https:\/\/www.elcenaculo.ec\/wp-content\/uploads\/2024\/08\/Post-facebook-anuncio-importante-3D-amarillo.png\" class=\"attachment-large size-large\" alt=\"\" srcset=\"https:\/\/www.elcenaculo.ec\/wp-content\/uploads\/2024\/08\/Post-facebook-anuncio-importante-3D-amarillo.png 940w, https:\/\/www.elcenaculo.ec\/wp-content\/uploads\/2024\/08\/Post-facebook-anuncio-importante-3D-amarillo-300x251.png 300w, https:\/\/www.elcenaculo.ec\/wp-content\/uploads\/2024\/08\/Post-facebook-anuncio-importante-3D-amarillo-768x644.png 768w, https:\/\/www.elcenaculo.ec\/wp-content\/uploads\/2024\/08\/Post-facebook-anuncio-importante-3D-amarillo-600x503.png 600w\" sizes=\"auto, (max-width: 940px) 100vw, 940px\" \/>\t\t\t\t\t\t\t\t<\/a>\n\t\t\t\t\t\t\t\t\t\t\t\t\t\t\t<\/div>\n\t\t\t\t<\/div>\n\t\t\t\t\t<\/div>\n\t\t<\/div>\n\t\t\t\t<div class=\"elementor-column elementor-col-33 elementor-top-column elementor-element elementor-element-98ab2d4\" data-id=\"98ab2d4\" data-element_type=\"column\">\n\t\t\t<div class=\"elementor-widget-wrap elementor-element-populated\">\n\t\t\t\t\t\t\t\t<div class=\"elementor-element elementor-element-43a4dc6 elementor-widget elementor-widget-image\" data-id=\"43a4dc6\" data-element_type=\"widget\" data-widget_type=\"image.default\">\n\t\t\t\t<div class=\"elementor-widget-container\">\n\t\t\t\t\t\t\t\t\t\t\t\t\t\t\t\t<a href=\"https:\/\/www.elcenaculo.ec\/wp-content\/uploads\/2024\/08\/Mejora-con-refuerzo-1.pdf\" target=\"_blank\">\n\t\t\t\t\t\t\t<img loading=\"lazy\" decoding=\"async\" width=\"940\" height=\"788\" src=\"https:\/\/www.elcenaculo.ec\/wp-content\/uploads\/2024\/08\/poster-de-advertencia-amarilla-de-instagram.-Atencion-no-leas-la-letra-pequena.png\" class=\"attachment-large size-large\" alt=\"\" srcset=\"https:\/\/www.elcenaculo.ec\/wp-content\/uploads\/2024\/08\/poster-de-advertencia-amarilla-de-instagram.-Atencion-no-leas-la-letra-pequena.png 940w, https:\/\/www.elcenaculo.ec\/wp-content\/uploads\/2024\/08\/poster-de-advertencia-amarilla-de-instagram.-Atencion-no-leas-la-letra-pequena-300x251.png 300w, https:\/\/www.elcenaculo.ec\/wp-content\/uploads\/2024\/08\/poster-de-advertencia-amarilla-de-instagram.-Atencion-no-leas-la-letra-pequena-768x644.png 768w, https:\/\/www.elcenaculo.ec\/wp-content\/uploads\/2024\/08\/poster-de-advertencia-amarilla-de-instagram.-Atencion-no-leas-la-letra-pequena-600x503.png 600w\" sizes=\"auto, (max-width: 940px) 100vw, 940px\" \/>\t\t\t\t\t\t\t\t<\/a>\n\t\t\t\t\t\t\t\t\t\t\t\t\t\t\t<\/div>\n\t\t\t\t<\/div>\n\t\t\t\t\t<\/div>\n\t\t<\/div>\n\t\t\t\t<div class=\"elementor-column elementor-col-33 elementor-top-column elementor-element elementor-element-abd8be3\" data-id=\"abd8be3\" data-element_type=\"column\">\n\t\t\t<div class=\"elementor-widget-wrap elementor-element-populated\">\n\t\t\t\t\t\t\t\t\t<\/div>\n\t\t<\/div>\n\t\t\t\t\t\t\t<\/div>\n\t\t<\/section>\n\t\t\t\t<section class=\"elementor-section elementor-top-section elementor-element elementor-element-f48b694 elementor-section-boxed elementor-section-height-default elementor-section-height-default\" data-id=\"f48b694\" data-element_type=\"section\">\n\t\t\t\t\t\t<div class=\"elementor-container elementor-column-gap-default\">\n\t\t\t\t\t<div class=\"elementor-column elementor-col-33 elementor-top-column elementor-element elementor-element-f2c3306\" data-id=\"f2c3306\" data-element_type=\"column\">\n\t\t\t<div class=\"elementor-widget-wrap elementor-element-populated\">\n\t\t\t\t\t\t\t\t\t<\/div>\n\t\t<\/div>\n\t\t\t\t<div class=\"elementor-column elementor-col-33 elementor-top-column elementor-element elementor-element-81a8830\" data-id=\"81a8830\" data-element_type=\"column\">\n\t\t\t<div class=\"elementor-widget-wrap elementor-element-populated\">\n\t\t\t\t\t\t\t\t\t<\/div>\n\t\t<\/div>\n\t\t\t\t<div class=\"elementor-column elementor-col-33 elementor-top-column elementor-element elementor-element-ddd1055\" data-id=\"ddd1055\" data-element_type=\"column\">\n\t\t\t<div class=\"elementor-widget-wrap\">\n\t\t\t\t\t\t\t\t\t<\/div>\n\t\t<\/div>\n\t\t\t\t\t\t\t<\/div>\n\t\t<\/section>\n\t\t\t\t\t\t<\/div>\n\t\t\t\t\t<\/div>\n\t\t","protected":false},"excerpt":{"rendered":"<p>REQUISITOS JUSTIFICACI\u00d3N DE FALTAS FORMACI\u00d3N EN CENTROS DE TRABAJO FORMULARIO DE MATRICULACI\u00d3N REQUISITOS DE MATRICULACI\u00d3N ENTIDAD RECEPTORA-REQUISITOS<\/p>\n","protected":false},"author":1,"featured_media":0,"parent":0,"menu_order":0,"comment_status":"closed","ping_status":"closed","template":"","meta":{"site-sidebar-layout":"no-sidebar","site-content-layout":"page-builder","ast-site-content-layout":"default","site-content-style":"default","site-sidebar-style":"default","ast-global-header-display":"","ast-banner-title-visibility":"","ast-main-header-display":"","ast-hfb-above-header-display":"","ast-hfb-below-header-display":"","ast-hfb-mobile-header-display":"","site-post-title":"disabled","ast-breadcrumbs-content":"","ast-featured-img":"disabled","footer-sml-layout":"","ast-disable-related-posts":"","theme-transparent-header-meta":"","adv-header-id-meta":"","stick-header-meta":"","header-above-stick-meta":"","header-main-stick-meta":"","header-below-stick-meta":"","astra-migrate-meta-layouts":"default","ast-page-background-enabled":"default","ast-page-background-meta":{"desktop":{"background-color":"","background-image":"","background-repeat":"repeat","background-position":"center center","background-size":"auto","background-attachment":"scroll","background-type":"","background-media":"","overlay-type":"","overlay-color":"","overlay-opacity":"","overlay-gradient":""},"tablet":{"background-color":"","background-image":"","background-repeat":"repeat","background-position":"center center","background-size":"auto","background-attachment":"scroll","background-type":"","background-media":"","overlay-type":"","overlay-color":"","overlay-opacity":"","overlay-gradient":""},"mobile":{"background-color":"","background-image":"","background-repeat":"repeat","background-position":"center center","background-size":"auto","background-attachment":"scroll","background-type":"","background-media":"","overlay-type":"","overlay-color":"","overlay-opacity":"","overlay-gradient":""}},"ast-content-background-meta":{"desktop":{"background-color":"var(--ast-global-color-5)","background-image":"","background-repeat":"repeat","background-position":"center center","background-size":"auto","background-attachment":"scroll","background-type":"","background-media":"","overlay-type":"","overlay-color":"","overlay-opacity":"","overlay-gradient":""},"tablet":{"background-color":"var(--ast-global-color-5)","background-image":"","background-repeat":"repeat","background-position":"center center","background-size":"auto","background-attachment":"scroll","background-type":"","background-media":"","overlay-type":"","overlay-color":"","overlay-opacity":"","overlay-gradient":""},"mobile":{"background-color":"var(--ast-global-color-5)","background-image":"","background-repeat":"repeat","background-position":"center center","background-size":"auto","background-attachment":"scroll","background-type":"","background-media":"","overlay-type":"","overlay-color":"","overlay-opacity":"","overlay-gradient":""}},"_kadence_starter_templates_imported_post":false,"footnotes":""},"class_list":["post-5763","page","type-page","status-publish","hentry"],"_links":{"self":[{"href":"https:\/\/www.elcenaculo.ec\/index.php?rest_route=\/wp\/v2\/pages\/5763","targetHints":{"allow":["GET"]}}],"collection":[{"href":"https:\/\/www.elcenaculo.ec\/index.php?rest_route=\/wp\/v2\/pages"}],"about":[{"href":"https:\/\/www.elcenaculo.ec\/index.php?rest_route=\/wp\/v2\/types\/page"}],"author":[{"embeddable":true,"href":"https:\/\/www.elcenaculo.ec\/index.php?rest_route=\/wp\/v2\/users\/1"}],"replies":[{"embeddable":true,"href":"https:\/\/www.elcenaculo.ec\/index.php?rest_route=%2Fwp%2Fv2%2Fcomments&post=5763"}],"version-history":[{"count":319,"href":"https:\/\/www.elcenaculo.ec\/index.php?rest_route=\/wp\/v2\/pages\/5763\/revisions"}],"predecessor-version":[{"id":8115,"href":"https:\/\/www.elcenaculo.ec\/index.php?rest_route=\/wp\/v2\/pages\/5763\/revisions\/8115"}],"wp:attachment":[{"href":"https:\/\/www.elcenaculo.ec\/index.php?rest_route=%2Fwp%2Fv2%2Fmedia&parent=5763"}],"curies":[{"name":"wp","href":"https:\/\/api.w.org\/{rel}","templated":true}]}}